Let c be y(0). Let q(t) = -t**2 - 14*t + 1. Let d be q(-12). Let i = d - c. What is the highest common divisor of i and 60?
12
Let u = 0 + -9. Let y be ((-42)/u)/((-1)/(-3)). Let v be (-165)/(-6)*(-112)/(-20). What is the highest common factor of y and v?
14
Let z = 448 + -228. Let q(r) be the second derivative of -r**3/2 + 10*r**2 - 5*r. Let i be q(0). What is the highest common divisor of z and i?
20
Let b(n) = n + 2. Let k be b(0). Let q(x) = 16*x - 22. Let g be q(2). Calculate the highest common divisor of k and g.
2
Suppose 25*r = 8*r + 2992. Calculate the highest common divisor of 121 and r.
11
Let k(j) = j**3 + 17*j**2 + 17*j - 3. Let s be k(-12). Let d = -263 + s. What is the greatest common factor of 25 and d?
25
Let f(w) be the second derivative of -37*w**3/3 + 3*w**2/2 - 3*w. Let q be f(-1). Calculate the greatest common factor of q and 22.
11
Let x(k) = 10*k - 2. Suppose 50 = 4*i - 2*m, 4*i - m + 8 = 63. Let z be x(i). Suppose 5*a + 8 - z = 0. What is the greatest common factor of 28 and a?
28
Suppose 3672 = -8*j + 26*j. Calculate the highest common divisor of j and 170.
34
Suppose -r + 206 = o - 559, -3*o = 5*r - 2285. Calculate the highest common factor of o and 70.
70
Let q(w) = -2*w**2 - 6*w + 4. Let j be q(-3). Suppose -5*p - j*m = -92, 3*p = 4*m - 5*m + 58. Calculate the highest common divisor of 60 and p.
20
Let w be (2 + -6 - -98) + 1. Suppose 26*x + 114 = 32*x. What is the highest common divisor of w and x?
19
Suppose 4*v = 2 + 50. Let w(f) be the second derivative of f**4/6 - 17*f**3/6 - 13*f**2/2 - 6*f. Let u be w(v). What is the greatest common factor of u and 13?
13
Suppose -2*z + 6*z = 4, -i - 3*z = -484. What is the greatest common factor of i and 52?
13
Let s(i) = -i**2 - 11*i. Let v be s(-6). Let q(t) = -89*t + 1973. Let a be q(22). What is the highest common factor of v and a?
15
Let w(t) = -t**2 - 7*t - 5. Suppose -6*a - 3*c + 8 = -5*a, 3*a = -c - 8. Let r be w(a). What is the greatest common factor of 49 and r?
7
Let a be (765/(-12))/(-17) - (-1)/4. What is the greatest common divisor of 2 and a?
2
Let u(j) = -5*j - 11. Let o be (20/(-6))/(14/21). Let r be u(o). Let h be (-14)/1*-1*1. Calculate the greatest common factor of r and h.
14
Suppose -4*f = -4 - 260. What is the highest common factor of f and 99?
33
Let b be 1 + (1 - -1) + 4. Let v(c) = c**3 + 23*c**2 + 13*c + 3. Let y be v(-21). Suppose b*k - 193 = y. Calculate the highest common divisor of k and 23.
23
Let a(c) = -c**3 + 15*c**2 + 16*c - 40. Let m be a(7). Calculate the greatest common factor of 32 and m.
16
Let j be -3 + 4 + 2 + 67. Suppose -j = -5*z - 5*v, -5*v = z + 2*z - 36. Calculate the highest common divisor of z and 68.
17
Let z = 29 - 19. Let r = 26 - z. Calculate the greatest common factor of r and 80.
16
Suppose 2*b = -2*z + 172, -23*b + 25*b - 4*z - 196 = 0. What is the highest common factor of b and 30?
30
Suppose 12 = 5*v - 8. Let q be 2*(-1 + 15)/14. What is the highest common factor of q and v?
2
Suppose 4*v - 28 - 12 = 0. Let m = 14 + v. Calculate the highest common divisor of m and 192.
24
Let m(g) = g**2 - 5*g + 7. Let y be m(-12). Let f = 361 - y. Calculate the highest common factor of f and 30.
30
Suppose -2*i = -0*i - 14. Let j(g) = g**2 + g. Let x(t) = 15*t - 5. Let m(n) = 5*j(n) - x(n). Let u be m(i). What is the greatest common divisor of 18 and u?
18
Let p = -2 - -12. Let r be 16/16*3*5. Calculate the highest common divisor of r and p.
5
Suppose -5*k = 5*o - 1785, -5*k - 3*o + 1265 = -510. Let u = -23 + 55. What is the highest common factor of u and k?
32
Suppose -5*x + 566 + 74 = 0. Let j = 21 - 19. Suppose -35 = -j*u - d, 0*u - u - 2*d = -22. Calculate the highest common divisor of x and u.
16
Let s be 2/5*(0 + 75). Let q be (-972)/(-27)*1/(-3)*-5. What is the highest common divisor of s and q?
30
Let z = 306 + -283. What is the greatest common divisor of z and 115?
23
Let i(o) = -7*o**3 - 3*o**2 - o + 1. Let g be i(-1). Let q = 1 + 41. Suppose 2*j - q - 6 = 0. What is the greatest common divisor of j and g?
6
Let j be 5713/377 + (-4)/26. What is the greatest common factor of j and 5?
5
Let x = 39 - 37. Let d(g) = 17*g - 8. Let b be d(x). Calculate the highest common factor of 39 and b.
13
Let z(m) = 132*m - 313. Let f be z(4). Calculate the greatest common divisor of f and 258.
43
Suppose -4*f = -7*f + 360. Let z(o) = -o + 48. Suppose 1 = 3*r - 11, -5*t = r - 4. Let l be z(t). Calculate the greatest common divisor of l and f.
24
Let d(u) = -u**2 + 28*u - 7. Let s be d(6). Calculate the highest common divisor of 175 and s.
25
Let z(k) = 2*k**3 - 13*k**2 + 13*k - 25. Let p be z(6). Calculate the greatest common divisor of p and 204.
17
Let i(k) = -k**3 - 10*k**2 + 6*k + 5. Let q be i(-11). Calculate the greatest common divisor of q and 400.
20
Suppose -2*a + 12 = 2*a. Suppose -4*v + a = f + 11, f - 24 = 4*v. Calculate the greatest common divisor of f and 40.
8
Let o(y) = 11*y**2 + 10*y**2 - 11 - y**3 - 5*y**2 - 3*y**2 + 18*y. Let x be o(14). What is the highest common factor of x and 5?
5
Let s = 11 - 8. Suppose -5*g + 65 = -s*q + 221, -g = 0. What is the greatest common factor of 13 and q?
13
Suppose -d - 4*z + 32 = -2*z, -4*d - 5*z = -122. Suppose 0 = -3*i - i + 56. Calculate the highest common divisor of d and i.
14
Suppose -3*t = -74*a + 77*a - 150, 5*t + 3*a - 246 = 0. Calculate the greatest common factor of 752 and t.
16
Let k be (-1078)/49*6/(-4). Let t be (507/(-6) - -2)*-2. Calculate the highest common factor of k and t.
33
Suppose -s + 271 = v, -21*s = -16*s + 3*v - 1357. What is the greatest common divisor of 34 and s?
34
Let h = 69 - 64. What is the greatest common factor of h and 7?
1
Let h be (27 - 26)/((-2)/8) + 20. What is the greatest common divisor of h and 848?
16
Suppose 2*p = 5*p - 663. Calculate the greatest common divisor of p and 17.
17
Let b be 1/((-42)/(-1416)) - 2/(-7). Calculate the greatest common divisor of 680 and b.
34
Let z be (-19)/(-1) + 10/(-10). Calculate the greatest common factor of 243 and z.
9
Let v be (-3)/((-9)/78) - 2. Suppose -a = -4*u + 242, -4 = -a + 3*a. What is the highest common factor of v and u?
12
Suppose 2*h - 12*h + 1280 = 0. Suppose 0 = -4*w + 5*f + h, 30 = w - 3*f + 5. Calculate the greatest common divisor of 148 and w.
37
Suppose -2*m - 41 = -109. What is the greatest common divisor of 408 and m?
34
Let h(l) = -37*l + 31. Let s be h(-1). Let p(j) = -j**3 + 10*j**2 - 2*j - 10. Let y be p(8). Calculate the greatest common divisor of y and s.
34
Let b be (-116)/(-6) - (-8)/(-6). Suppose -5 - b = -d. Suppose 2*i - 6*i + 276 = 0. What is the greatest common divisor of i and d?
23
Suppose 5*k - 15 + 0 = 0. Suppose -k*d + 14 + 175 = 0. Let m = -2 + 11. What is the highest common divisor of m and d?
9
Let k be (-2)/(-7) - 384/(-28). Let g be 3*(7 - 2)*(-2)/6. Let h = g + k. Calculate the greatest common divisor of h and 18.
9
Let n = -49 - -73. Let o be (-3)/(n/(-118)) + 3/(-4). What is the highest common factor of o and 21?
7
Suppose -19*i + 20 = -15*i, 485 = 5*u - 3*i. What is the greatest common divisor of 1100 and u?
100
Let p = 162 - 71. Let v(w) = w**3 - 19*w**2 - 7*w + 25. Let m be v(20). Let i = -272 + m. Calculate the highest common factor of i and p.
13
Let q be (40/(-12) - -4)*(-765)/(-2). Calculate the highest common factor of q and 102.
51
Let l(u) = 2*u**2 + 2*u - 20. Let h be l(-5). Calculate the highest common factor of h and 440.
20
Let h be 1 - ((-2)/(-2) + 15). Let i = h + 19. Suppose 3*n + 5*p = 28, 0 = i*n - 0*n + 4*p - 24. What is the highest common divisor of n and 1?
1
Let d = -1 + 1. Suppose -5*y + 2*y - 27 = -5*m, d = 3*m + y - 19. Calculate the highest common divisor of 30 and m.
6
Suppose 4*p + 0 = -r + 3, 0 = 3*p + r - 3. Suppose p*u + 2508 = 11*u. What is the greatest common divisor of u and 12?
12
Let j be (2 - 1)*(-6)/(-1). Let n(g) = -104*g**2 - 3*g + 1. Let s be n(1). Let m = -102 - s. Calculate the highest common factor of j and m.
2
Let x = 176 - 121. Calculate the greatest common factor of x and 10.
5
Suppose 4*x + 5 + 11 = -q, -x - 13 = -2*q. Suppose -3*h + 3 = 3*m, m + h = -h + q. Let u be -4 - -23 - (m - 1). What is the greatest common divisor of 11 and u?
11
Suppose -18*x + 534 = -4002. What is the greatest common divisor of x an